hat is the greatest common factor of 27 and f?
9
Let r(w) = 7 - 316*w**2 - 5*w + 20*w + 314*w**2. Let p be r(7). Calculate the highest common factor of p and 49.
7
Let l(n) = -n**3 - 32*n**2 + 64*n - 256. Let o be l(-34). Let q be (3/4)/(1/236). Let f = q + o. Calculate the greatest common factor of f and 38.
19
Suppose -17*n + 367*n - 55020 = -43*n. Suppose 0 = c - 2*l - 0*l - 208, 1051 = 5*c + l. What is the greatest common factor of n and c?
70
Let u = 1215 - 743. Suppose -6*t + 536 = -u. Let p be 1032/t + 1/(-7). What is the highest common divisor of 96 and p?
6
Let x(s) = 98*s - 480. Let a be x(5). Calculate the highest common factor of a and 84.
2
Let i = -108 - -135. Suppose 7*s - i = 36. Let r(b) = 17*b - 21. Let f be r(s). Calculate the highest common divisor of 12 and f.
12
Let k = -23371 + 23696. Calculate the greatest common divisor of k and 1125.
25
Suppose -2*u - 2*i - 3*i + 2 = 0, -45 = -3*u + 3*i. Suppose 3*f + 3*s = 2*s + 28, 34 = 4*f + 2*s. Calculate the greatest common divisor of f and u.
11
Let s = 6 + 0. Let p(a) = -153*a + 7860. Let k be p(50). Calculate the greatest common factor of s and k.
6
Suppose 2*z - 246 = -c, 353*z + 96 = 354*z - 4*c. Let b(u) = -u**3 + u**2 - u + 30. Let t be b(0). What is the highest common factor of z and t?
30
Let d = 37 + -15. Suppose 8 = -2*m + 12. Suppose -264 = -5*w + m*w. What is the greatest common divisor of w and d?
22
Let z be 104 - -289 - 0/(4/(3 + -1)). Calculate the highest common factor of z and 7991.
131
Let g be 36/22 + (-1155)/(-847). Let c = 34 + -21. Let q = c + 2. What is the greatest common factor of q and g?
3
Let q(k) = -23*k**3 - 12*k**2 - 15*k + 28. Let n be q(-5). Calculate the greatest common factor of 52 and n.
26
Suppose 370 = 5*j - u + 3*u, 2*u + 134 = 2*j. Suppose 4*l = 5*m - 904, m - 48*l - 185 = -43*l. Calculate the highest common divisor of m and j.
36
Let w = 12315 + -12309. Calculate the highest common divisor of w and 9066.
6
Let l(x) = -x**3 + 9*x**2 - 6. Let j be l(9). Let o be (4/j)/((-6)/(-99)). Let r be 2/o - (-6630)/165. What is the highest common factor of 10 and r?
10
Let h be ((-54)/108)/((-1)/1176). Let x = 335 + -311. Calculate the highest common factor of h and x.
12
Let s = -3951 - -4016. What is the highest common factor of 205 and s?
5
Let q = -14 - -37. Suppose q = -5*f + 4*o + 679, 5*f = o + 659. Let r be ((-27)/(-4))/(11/f). What is the highest common factor of 27 and r?
27
Let w(u) = -17*u + 114. Let o be w(2). Calculate the greatest common factor of o and 10000.
80
Let g be (-969)/(-54) - (-34)/612. What is the highest common divisor of 288 and g?
18
Let i be 4/(-14) - (-60)/(-84) - -75. Let o = 86 - i. What is the highest common factor of o and 348?
12
Suppose -1794 - 191802 = -78*p. Calculate the highest common factor of p and 34.
34
Let c(n) = 25*n**2 - 19*n - 120. Let v be c(-9). What is the highest common divisor of v and 12?
12
Suppose -3*m + 203 = -q, 16662 - 16060 = 9*m - 4*q. Suppose 2*x - 6*x + 36 = 0. Let u be x - (0 + 1 + -2). Calculate the highest common divisor of u and m.
10
Suppose -4*c + 460 = -40. Suppose 4*t + 11 = 3*p - t, -p + 3*t = -5. Let s be p + -6 + 29 + 0. Calculate the highest common divisor of c and s.
25
Suppose 0 = 2*f - 2*b - 100, 101 = 2*f - 5*b - 17. What is the greatest common factor of f and 1738?
22
Let p = 9963 - 9763. Calculate the highest common divisor of 20600 and p.
200
Suppose 2*t = -314 + 90. Let k = t + 139. Let o be 2/((k/(-6) - -3)/(-3)). What is the highest common divisor of 2 and o?
2
Let j(i) = 56*i**2 - i + 2. Let n be j(4). What is the highest common factor of n and 6?
6
Let q be (-2)/(-1*(-4)/(-396)). Suppose 16 = -13*b + q. Calculate the highest common divisor of 224 and b.
14
Suppose 74 = w - 4*p, w - 80 = -9*p + 7*p. Calculate the greatest common divisor of w and 48.
6
Let a = 5396 + -8406. Let j = -1584 - a. Suppose 2*h - j = -4*n, n - 37 = 3*h + 323. What is the greatest common divisor of n and 51?
51
Suppose 4*v + 2*t - 19 = 11, 12 = 2*v - 2*t. Suppose -15 = -8*s - v. What is the greatest common divisor of s and 12?
1
Let g = 5701 - 5686. Calculate the highest common divisor of 3195 and g.
15
Let i(x) = 19*x**3 + 8*x**2 - x - 15. Let c be i(4). What is the greatest common divisor of 25 and c?
25
Let u(l) = l**2 + 7*l - 6. Let j be u(-8). Suppose 81 = -j*m + 3*m. Let o = -237 + 291. What is the highest common factor of o and m?
27
Let v = 76 - 111. Let m = 2771 - 2700. Let c = v + m. Calculate the greatest common divisor of 288 and c.
36
Let t = -6 + 13. Let r(k) = -4*k + 34. Let v be r(t). Let i be v/(-4)*(-8 - -2). Calculate the highest common divisor of i and 27.
9
Let u(t) = -t**3 - 12*t**2 - 13*t + 14. Let i be u(-11). Let f(s) = s**2 - 4*s. Let z be f(22). What is the greatest common divisor of i and z?
36
Let t = -6291 - -6299. Suppose -23 = -3*h + 91. What is the greatest common divisor of h and t?
2
Let m = 36 + -6. Let y(f) = -f**3 - 39*f**2 + 60. Let x be y(-39). Let c = x + -30. Calculate the highest common divisor of c and m.
30
Let g(t) = -38*t + 94. Let k be g(-6). Suppose -k - 488 = -6*h. Calculate the greatest common factor of h and 5.
5
Let t be 1480/(-180) - -17 - 4/(-18). What is the greatest common divisor of 27 and t?
9
Let v = 115 - -43. Let q = v - 143. What is the greatest common divisor of 195 and q?
15
Let h(i) = -i**3 - 8*i**2 - 2*i - 16. Let j be h(-8). Suppose j = -6*m - 97 - 107. Let o be m/85 + 54/10. Calculate the greatest common factor of 15 and o.
5
Suppose -2*v + 1840 + 9424 = 2*c, v - 11266 = -2*c. What is the highest common factor of 18 and c?
18
Let c(s) = 2*s**2 + 41*s - 56. Let z be c(-22). What is the greatest common divisor of 1945 and z?
5
Let r = -2114 + 3906. Suppose -11*u - 3*u = -r. Calculate the highest common divisor of u and 16.
16
Let a be 662084/618 - (4/(-6) - 1/(-1)). Calculate the highest common factor of a and 63.
63
Let x(p) = 17*p**3 + p**2 + 1. Let b be x(3). Suppose 2*f - 5*w + 129 = b, 5*f - 829 = 2*w. Let c = 34 + -19. What is the highest common factor of c and f?
15
Let f(d) = -111*d - 10301. Let c be f(-93). Let x = 145 - -42. Calculate the greatest common factor of x and c.
11
Suppose -5*q - 31*f + 33*f = -12782, -q - 3*f + 2553 = 0. Calculate the greatest common divisor of 162 and q.
18
Suppose -49*j - 6038 = -22531 - 21531. Calculate the greatest common divisor of j and 679.
97
Suppose -10*b = -23 - 7. Suppose x - 11 = -4*g, -3*x = -x + 4*g - 14. What is the highest common divisor of b and x?
3
Let z be 255/340 - (-2189)/4. Calculate the highest common divisor of z and 4.
4
Let l be -2 - ((-336)/18)/(3/63). Suppose -95*o + 89*o = -l. Calculate the highest common divisor of o and 65.
65
Let u(g) = g**2 + 16*g + 35. Let r be u(-10). Let c be (-418)/(-5) - (-3 - 65/r). What is the greatest common divisor of c and 210?
42
Let t be 18/(-4)*9/((-135)/(-680)). Let k = t + 232. What is the highest common divisor of 32 and k?
4
Let g be (1*52)/(-2*5/(-60)). Suppose 4*v = 20, -4*m + 62*v = 63*v - 785. What is the highest common divisor of g and m?
39
Suppose -5*j + 2*g + 11 = 0, 3*g + 26 = 47. What is the highest common factor of j and 67?
1
Suppose 12*x - 21*x + 1296 = 0. Let q = x + -141. Let d be 2 + 2 - (2 - q)*2. What is the highest common divisor of d and 162?
6
Let g be (-2 - -2) + 3 + 101. Let n = 6891 - 6813. Calculate the greatest common factor of g and n.
26
Let k(j) = 3*j**2 - 35*j - 78. Let m be k(-2). Let p(t) = -t + 5. Let n be p(-3). Suppose m*h = n*h - 576. What is the greatest common divisor of h and 12?
12
Suppose 3*z - 6992 = 5*s, 6*z + 11640 = 11*z + 5*s. Calculate the highest common divisor of 17 and z.
17
Suppose 95*y + 2948 = 106*y. What is the greatest common divisor of y and 44?
4
Let g(r) = 4*r**2 + 79*r + 488. Let j be g(-8). Calculate the highest common divisor of j and 812.
28
Let k = 55 - 44. Let z = k + -1. Suppose 0 = -3*m + m + 180. What is the highest common factor of m and z?
10
Suppose 833 = 58*k + 59*k - 110*k. What is the highest common factor of k and 4?
1
Suppose -2*l + 66 = g, 0*g + 264 = 4*g - 2*l. What is the highest common factor of g and 957?
33
Let g(l) = l**3 - l**2 + 6*l - 14. Let y be g(-7). Let z be 13/8 - 168/y. Calculate the greatest common factor of z and 4.
2
Let 